{"id":22,"date":"2023-10-18T12:52:31","date_gmt":"2023-10-18T12:52:31","guid":{"rendered":"https:\/\/noah.com.pl\/?page_id=22"},"modified":"2023-10-18T13:22:34","modified_gmt":"2023-10-18T13:22:34","slug":"wybory-przewodniczacego-szkoly","status":"publish","type":"page","link":"https:\/\/noah.com.pl\/","title":{"rendered":"Wybory przewodnicz\u0105cego szko\u0142y"},"content":{"rendered":"<div class=\"wp-block-image\">\n<figure class=\"aligncenter size-large\"><img loading=\"lazy\" decoding=\"async\" width=\"724\" height=\"1024\" src=\"https:\/\/noah.com.pl\/wp-content\/uploads\/2023\/10\/Plakat-724x1024.png\" alt=\"\" class=\"wp-image-15\" srcset=\"https:\/\/noah.com.pl\/wp-content\/uploads\/2023\/10\/Plakat-724x1024.png 724w, https:\/\/noah.com.pl\/wp-content\/uploads\/2023\/10\/Plakat-212x300.png 212w, https:\/\/noah.com.pl\/wp-content\/uploads\/2023\/10\/Plakat-768x1086.png 768w, https:\/\/noah.com.pl\/wp-content\/uploads\/2023\/10\/Plakat-1086x1536.png 1086w, https:\/\/noah.com.pl\/wp-content\/uploads\/2023\/10\/Plakat-1448x2048.png 1448w, https:\/\/noah.com.pl\/wp-content\/uploads\/2023\/10\/Plakat.png 1587w\" sizes=\"auto, (max-width: 724px) 100vw, 724px\" \/><\/figure>\n<\/div>\n\n\n<h1 class=\"wp-block-heading\"><strong>Mocne uderzenie dla lepszej szko\u0142y! Z Noah idziemy do przodu!<\/strong><\/h1>\n\n\n\n<h3 class=\"wp-block-heading\">&nbsp;<\/h3>\n\n\n\n<h3 class=\"wp-block-heading\"><strong>Dlaczego uczniowie powinni g\u0142osowa\u0107 na Noah Grzeszczyka:<\/strong><\/h3>\n\n\n\n<p><strong><span class=\"OYPEnA text-decoration-none text-strikethrough-none\">Do\u015bwiadczenie w roli lidera:<\/span><\/strong><\/p>\n\n\n\n<ul class=\"wp-block-list\">\n<li><span class=\"OYPEnA text-decoration-none text-strikethrough-none\">Jako starszy harcerz, Noah ma do\u015bwiadczenie w organizacji, dzia\u0142aniu zespo\u0142owym i przyw\u00f3dztwie. Wie, jak motywowa\u0107 innych i jak pracowa\u0107, by osi\u0105gn\u0105\u0107 wsp\u00f3lne cele.<\/span><\/li>\n<\/ul>\n\n\n\n<p><strong><span class=\"OYPEnA text-decoration-none text-strikethrough-none\">Po\u0142\u0105czenie si\u0142y i dyscypliny:<\/span><\/strong><\/p>\n\n\n\n<ul class=\"wp-block-list\">\n<li><span class=\"OYPEnA text-decoration-none text-strikethrough-none\">Noah nie tylko uprawia sporty takie jak p\u0142ywanie i boks, ale tak\u017ce pokazuje, \u017ce jest zdyscyplinowany, wytrwa\u0142y i gotowy pracowa\u0107 na sukces. Te cechy s\u0105 niezb\u0119dne dla skutecznego przewodnicz\u0105cego.<\/span><\/li>\n<\/ul>\n\n\n\n<p><strong><span class=\"OYPEnA text-decoration-none text-strikethrough-none\">Troska o \u015brodowisko i innych:<\/span><\/strong><\/p>\n\n\n\n<ul class=\"wp-block-list\">\n<li><span class=\"OYPEnA text-decoration-none text-strikethrough-none\">Mi\u0142o\u015b\u0107 Noah do hodowli warzyw i zwierz\u0105t, w tym jego psa i kota, \u015bwiadczy o jego trosce o natur\u0119 i empatii. Jako przewodnicz\u0105cy, b\u0119dzie promowa\u0107 inicjatywy proekologiczne i tworzy\u0107 siln\u0105, opart\u0105 na wzajemnym szacunku spo\u0142eczno\u015b\u0107 szkoln\u0105.<\/span><\/li>\n<\/ul>\n\n\n\n<p><strong><span class=\"OYPEnA text-decoration-none text-strikethrough-none\">Zdolno\u015b\u0107 do r\u00f3wnowa\u017cenia r\u00f3\u017cnych zainteresowa\u0144:<\/span><\/strong><\/p>\n\n\n\n<ul class=\"wp-block-list\">\n<li><span class=\"OYPEnA text-decoration-none text-strikethrough-none\">Noah jest wszechstronny i potrafi \u0142\u0105czy\u0107 r\u00f3\u017cne pasje<\/span> <span class=\"OYPEnA text-decoration-none text-strikethrough-none\">i zainteresowania. Ta umiej\u0119tno\u015b\u0107 jest kluczowa, aby reprezentowa\u0107 r\u00f3\u017cnorodne potrzeby i ambicje wsp\u00f3\u0142uczni\u00f3w.<\/span><\/li>\n<\/ul>\n\n\n\n<p><strong><span class=\"OYPEnA text-decoration-none text-strikethrough-none\">Zaanga\u017cowanie i odpowiedzialno\u015b\u0107:<\/span><\/strong><\/p>\n\n\n\n<ul class=\"wp-block-list\">\n<li><span class=\"OYPEnA text-decoration-none text-strikethrough-none\">Noah jest aktywnie zaanga\u017cowany w r\u00f3\u017cne dzia\u0142ania, co pokazuje jego energi\u0119 i determinacj\u0119, by doprowadza\u0107 do realizacji wa\u017cne dla wszystkich projekty.<\/span><\/li>\n<\/ul>\n\n\n\n<h3 class=\"wp-block-heading\">&nbsp;<\/h3>\n\n\n\n<h3 class=\"wp-block-heading\"><strong><span class=\"OYPEnA text-decoration-none text-strikethrough-none\">Propozycje zmian\/inicjatyw w szkole:<\/span><\/strong><\/h3>\n\n\n\n<p><strong><span class=\"OYPEnA text-decoration-none text-strikethrough-none\">Kluby dialogu mi\u0119dzywyznaniowego <\/span><span class=\"OYPEnA text-decoration-none text-strikethrough-none\">i mi\u0119dzykulturowego:<\/span><\/strong><\/p>\n\n\n\n<ul class=\"wp-block-list\">\n<li><span class=\"OYPEnA text-decoration-none text-strikethrough-none\">W duchu nauczania Jana Paw\u0142a II o budowaniu most\u00f3w, mo\u017cesz zaproponowa\u0107 utworzenie klub\u00f3w lub grup dyskusyjnych, kt\u00f3re promuj\u0105 zrozumienie i szacunek mi\u0119dzy r\u00f3\u017cnymi kulturami i religiami.<\/span><\/li>\n<\/ul>\n\n\n\n<p><strong><span class=\"OYPEnA text-decoration-none text-strikethrough-none\">Dzia\u0142ania charytatywne\/s\u0142u\u017cba spo\u0142eczna:<\/span><\/strong><\/p>\n\n\n\n<ul class=\"wp-block-list\">\n<li><span class=\"OYPEnA text-decoration-none text-strikethrough-none\">Organizacja wi\u0119cej dzia\u0142alno\u015bci charytatywnych lub program\u00f3w wolontariatu, kt\u00f3re pozwalaj\u0105 uczniom pracowa\u0107 na rzecz lokalnej spo\u0142eczno\u015bci<\/span> <span class=\"OYPEnA text-decoration-none text-strikethrough-none\">i potrzebuj\u0105cych, w ten spos\u00f3b \u017cyj\u0105c warto\u015bciami chrze\u015bcija\u0144skimi w praktyce.<\/span><\/li>\n<\/ul>\n\n\n\n<p><strong><span class=\"OYPEnA text-decoration-none text-strikethrough-none\">Zielona szko\u0142a:<\/span><\/strong><\/p>\n\n\n\n<ul class=\"wp-block-list\">\n<li><span class=\"OYPEnA text-decoration-none text-strikethrough-none\">Inicjowanie program\u00f3w ekologicznych, takich jak recykling, ogrodnictwo, czy czyszczenie teren\u00f3w zielonych wok\u00f3\u0142 szko\u0142y, co odzwierciedla trosk\u0119<\/span> <span class=\"OYPEnA text-decoration-none text-strikethrough-none\">o stworzenie i \u015brodowisko, co jest r\u00f3wnie\u017c cz\u0119\u015bci\u0105 nauczania ko\u015bcielnego.<\/span><\/li>\n<\/ul>\n\n\n\n<p><strong><span class=\"OYPEnA text-decoration-none text-strikethrough-none\">Forum uczniowskie:<\/span><\/strong><\/p>\n\n\n\n<ul class=\"wp-block-list\">\n<li><span class=\"OYPEnA text-decoration-none text-strikethrough-none\">Utworzenie miejsca, gdzie uczniowie mog\u0105 dzieli\u0107 si\u0119 swoimi pomys\u0142ami i opiniami na temat tego, co dzieje si\u0119 w szkole, promuj\u0105c uczestnictwo i demokracj\u0119 w\u015br\u00f3d m\u0142odzie\u017cy.<\/span><\/li>\n<\/ul>\n\n\n\n<p><strong><span class=\"OYPEnA text-decoration-none text-strikethrough-none\">Warsztaty zdrowia psychicznego:<\/span><\/strong><\/p>\n\n\n\n<ul class=\"wp-block-list\">\n<li><span class=\"OYPEnA text-decoration-none text-strikethrough-none\">W dzisiejszych czasach m\u0142odzi ludzie cz\u0119sto borykaj\u0105 si\u0119 ze stresem i presj\u0105. Mo\u017cesz zaproponowa\u0107 regularne warsztaty lub sesje z doradc\u0105, kt\u00f3re pomog\u0105 uczniom nauczy\u0107 si\u0119 radzi\u0107 sobie ze stresem i naciskiem, co jest r\u00f3wnie\u017c wyrazem troski<\/span> <span class=\"OYPEnA text-decoration-none text-strikethrough-none\">o bli\u017aniego.<\/span><\/li>\n<\/ul>\n\n\n\n<p><strong>IMPREZY TOWARZYSKIE<\/strong><\/p>\n\n\n\n<ul class=\"wp-block-list\">\n<li>Podwieczorek dla nauczycieli i pracownik\u00f3w szko\u0142y<\/li>\n\n\n\n<li>Zabawy (Walentynki, \u015bwi\u0119to Wiosny itp.)<\/li>\n\n\n\n<li>Uroczysty bankiet dla klas [4-8]<\/li>\n\n\n\n<li>Rajd pieszy<\/li>\n<\/ul>\n","protected":false},"excerpt":{"rendered":"<p>Mocne uderzenie dla lepszej szko\u0142y! Z Noah idziemy do przodu! &nbsp; Dlaczego uczniowie powinni g\u0142osowa\u0107 na Noah Grzeszczyka: Do\u015bwiadczenie w roli lidera: Po\u0142\u0105czenie si\u0142y i [&hellip;]<\/p>\n","protected":false},"author":1,"featured_media":0,"parent":0,"menu_order":0,"comment_status":"closed","ping_status":"closed","template":"","meta":{"footnotes":""},"class_list":["post-22","page","type-page","status-publish","hentry"],"_links":{"self":[{"href":"https:\/\/noah.com.pl\/index.php?rest_route=\/wp\/v2\/pages\/22","targetHints":{"allow":["GET"]}}],"collection":[{"href":"https:\/\/noah.com.pl\/index.php?rest_route=\/wp\/v2\/pages"}],"about":[{"href":"https:\/\/noah.com.pl\/index.php?rest_route=\/wp\/v2\/types\/page"}],"author":[{"embeddable":true,"href":"https:\/\/noah.com.pl\/index.php?rest_route=\/wp\/v2\/users\/1"}],"replies":[{"embeddable":true,"href":"https:\/\/noah.com.pl\/index.php?rest_route=%2Fwp%2Fv2%2Fcomments&post=22"}],"version-history":[{"count":7,"href":"https:\/\/noah.com.pl\/index.php?rest_route=\/wp\/v2\/pages\/22\/revisions"}],"predecessor-version":[{"id":38,"href":"https:\/\/noah.com.pl\/index.php?rest_route=\/wp\/v2\/pages\/22\/revisions\/38"}],"wp:attachment":[{"href":"https:\/\/noah.com.pl\/index.php?rest_route=%2Fwp%2Fv2%2Fmedia&parent=22"}],"curies":[{"name":"wp","href":"https:\/\/api.w.org\/{rel}","templated":true}]}}